er when 55290 is divided by 37?
12
What is the remainder when 24349 is divided by 6086?
5
Calculate the remainder when 209 is divided by 101.
7
Calculate the remainder when 111297 is divided by 99.
21
What is the remainder when 4111291 is divided by 399?
394
What is the remainder when 282399 is divided by 778?
763
Calculate the remainder when 735 is divided by 130.
85
Calculate the remainder when 20924 is divided by 6970.
14
Calculate the remainder when 33625 is divided by 8380.
105
What is the remainder when 1391408 is divided by 463801?
5
Calculate the remainder when 52626 is divided by 666.
12
Calculate the remainder when 1929 is divided by 1779.
150
What is the remainder when 48249 is divided by 519?
501
What is the remainder when 57583 is divided by 19061?
400
Calculate the remainder when 113730 is divided by 115.
110
Calculate the remainder when 2407678 is divided by 22.
20
Calculate the remainder when 305312 is divided by 2632.
0
Calculate the remainder when 5339 is divided by 5200.
139
Calculate the remainder when 1978 is divided by 43.
0
What is the remainder when 812 is divided by 677?
135
Calculate the remainder when 169879 is divided by 396.
391
What is the remainder when 826 is divided by 138?
136
Calculate the remainder when 4170 is divided by 1026.
66
What is the remainder when 84777 is divided by 157?
154
Calculate the remainder when 16845 is divided by 5611.
12
What is the remainder when 5537 is divided by 142?
141
Calculate the remainder when 21000 is divided by 110.
100
What is the remainder when 18253 is divided by 5965?
358
Calculate the remainder when 8847 is divided by 123.
114
What is the remainder when 94617 is divided by 47306?
5
What is the remainder when 61884 is divided by 331?
318
Calculate the remainder when 49727 is divided by 75.
2
Calculate the remainder when 6247 is divided by 326.
53
What is the remainder when 224382 is divided by 15?
12
What is the remainder when 478664 is divided by 159546?
26
Calculate the remainder when 6797 is divided by 2243.
68
Calculate the remainder when 4151 is divided by 36.
11
Calculate the remainder when 32250 is divided by 221.
205
Calculate the remainder when 2047 is divided by 495.
67
Calculate the remainder when 188577 is divided by 105.
102
What is the remainder when 416125 is divided by 366?
349
What is the remainder when 12703 is divided by 929?
626
What is the remainder when 20263 is divided by 19?
9
What is the remainder when 2839 is divided by 58?
55
Calculate the remainder when 2245 is divided by 90.
85
What is the remainder when 3212 is divided by 201?
197
Calculate the remainder when 107 is divided by 11.
8
Calculate the remainder when 1251 is divided by 33.
30
What is the remainder when 397139 is divided by 28365?
29
What is the remainder when 685918 is divided by 56?
30
What is the remainder when 7891 is divided by 1230?
511
What is the remainder when 656346 is divided by 328168?
10
Calculate the remainder when 1332434 is divided by 8824.
10
What is the remainder when 40740 is divided by 1013?
220
What is the remainder when 606877 is divided by 1231?
1225
What is the remainder when 17749 is divided by 9?
1
What is the remainder when 17148 is divided by 180?
48
Calculate the remainder when 1799 is divided by 93.
32
Calculate the remainder when 244559 is divided by 40.
39
Calculate the remainder when 50018 is divided by 5554.
32
What is the remainder when 41533 is divided by 1805?
18
Calculate the remainder when 113269 is divided by 238.
219
What is the remainder when 16020 is divided by 276?
12
What is the remainder when 251469 is divided by 303?
282
Calculate the remainder when 791638 is divided by 2630.
8
Calculate the remainder when 15488 is divided by 199.
165
Calculate the remainder when 8265 is divided by 2055.
45
What is the remainder when 1224737 is divided by 174961?
10
What is the remainder when 173690 is divided by 13?
10
What is the remainder when 9434 is divided by 593?
539
Calculate the remainder when 1202 is divided by 252.
194
Calculate the remainder when 138480 is divided by 356.
352
What is the remainder when 43184 is divided by 2054?
50
What is the remainder when 8265 is divided by 295?
5
Calculate the remainder when 212837 is divided by 68.
65
What is the remainder when 180 is divided by 42?
12
Calculate the remainder when 83925 is divided by 83915.
10
Calculate the remainder when 1343 is divided by 332.
15
Calculate the remainder when 172857 is divided by 772.
701
Calculate the remainder when 1672 is divided by 519.
115
What is the remainder when 386318 is divided by 1509?
14
Calculate the remainder when 24300 is divided by 196.
192
What is the remainder when 105259 is divided by 15033?
28
Calculate the remainder when 21375 is divided by 248.
47
Calculate the remainder when 4598 is divided by 279.
134
What is the remainder when 14945 is divided by 94?
93
Calculate the remainder when 18225 is divided by 93.
90
What is the remainder when 15455 is divided by 80?
15
What is the remainder when 7084 is divided by 2219?
427
What is the remainder when 33672 is divided by 8407?
44
Calculate the remainder when 49087 is divided by 39.
25
What is the remainder when 10601 is divided by 131?
121
Calculate the remainder when 1435 is divided by 30.
25
Calculate the remainder when 35592 is divided by 7118.
2
Calculate the remainder when 32662 is divided by 4.
2
Calculate the remainder when 23288 is divided by 3881.
2
Calculate the remainder when 11262 is divided by 148.
14
What is the remainder when 1100 is divided by 1089?
11
What is the remainder when 8445 is divided by 119?
115
What is the remainder when 62252 is divided by 188?
24
What is the remainder when 6592 is divided by 1641?
28
Calculate the remainder when 18217 is divided by 4545.
37
Calculate the remainder when 53675 is divided by 12.
11
What is the remainder when 481051 is divided by 116?
115
Calculate the remainder when 319 is divided by 86.
61
What is the remainder when 2100 is divided by 1990?
110
Calculate the remainder when 27184 is divided by 24.
16
What is the remainder when 819669 is divided by 91074?
3
Calculate the remainder when 285199 is divided by 199.
32
Calculate the remainder when 109512 is divided by 633.
3
Calculate the remainder when 3365 is divided by 17.
16
Calculate the remainder when 7758 is divided by 2483.
309
What is the remainder when 4085 is divided by 116?
25
Calculate the remainder when 341 is divided by 85.
1
Calculate the remainder when 83710 is divided by 20.
10
Calculate the remainder when 27177 is divided by 9055.
12
Calculate the remainder when 3458 is divided by 1435.
588
What is the remainder when 310 is divided by 14?
2
What is the remainder when 100159 is divided by 33?
4
What is the remainder when 16637 is divided by 57?
50
What is the remainder when 26307 is divided by 376?
363
What is the remainder when 39898 is divided by 60?
58
What is the remainder when 5908 is divided by 9?
4
What is the remainder when 71635 is divided by 23801?
232
What is the remainder when 32031 is divided by 79?
36
Calculate the remainder when 18652 is divided by 212.
208
Calculate the remainder when 12921 is divided by 12.
9
Calculate the remainder when 2147 is divided by 852.
443
Calculate the remainder when 3759 is divided by 3718.
41
What is the remainder when 63134 is divided by 164?
158
What is the remainder when 955744 is divided by 22?
20
What is the remainder when 2580 is divided by 1283?
14
Calculate the remainder when 141665 is divided by 14162.
45
What is the remainder when 9558 is divided by 679?
52
What is the remainder when 14189 is divided by 47?
42
Calculate the remainder when 546 is divided by 292.
254
Calculate the remainder when 5209 is divided by 517.
39
Calculate the remainder when 340031 is divided by 15.
11
What is the remainder when 219704 is divided by 102?
98
Calculate the remainder when 11932 is divided by 305.
37
What is the remainder when 237569 is divided by 33?
2
What is the remainder when 1238 is divided by 36?
14
Calculate the remainder when 2588 is divided by 2549.
39
Calculate the remainder when 17781 is divided by 9.
6
What is the remainder when 61268 is divided by 15272?
180
What is the remainder when 10644 is divided by 30?
24
What is th